he prime factors of 1155143125.
5, 241, 7669
What are the prime factors of 37222251?
3, 11, 1127947
What are the prime factors of 1974006027?
3, 7, 23, 89, 15307
List the prime factors of 7854517.
11, 71, 89, 113
What are the prime factors of 894337972?
2, 11, 17, 31, 38569
List the prime factors of 2571186237.
3, 89, 9629911
List the prime factors of 13440175.
5, 7, 76801
What are the prime factors of 35983343?
11, 31, 53, 181
List the prime factors of 243245196.
2, 3, 53, 127487
What are the prime factors of 46283396?
2, 251, 46099
What are the prime factors of 1934217?
3, 214913
What are the prime factors of 236435899?
7, 2753, 12269
What are the prime factors of 580468406?
2, 7, 41, 73, 1979
What are the prime factors of 117556823?
47, 137, 18257
List the prime factors of 214243473.
3, 401, 178091
What are the prime factors of 275150930?
2, 5, 27515093
What are the prime factors of 314179890?
2, 3, 5, 17, 61, 10099
What are the prime factors of 755321117?
19, 39753743
List the prime factors of 2473982177.
53, 6397, 7297
List the prime factors of 10485637.
10485637
List the prime factors of 42898819.
42898819
What are the prime factors of 640660564?
2, 2411, 66431
What are the prime factors of 4206291282?
2, 3, 25964761
List the prime factors of 4837960.
2, 5, 79, 1531
What are the prime factors of 66239940?
2, 3, 5, 13, 163, 521
What are the prime factors of 5502600491?
653, 8426647
What are the prime factors of 24684528?
2, 3, 11, 46751
What are the prime factors of 349655162?
2, 929, 188189
What are the prime factors of 2667895627?
4787, 557321
What are the prime factors of 179313323?
7, 383, 66883
List the prime factors of 428070913.
827, 517619
List the prime factors of 7760962.
2, 11, 352771
What are the prime factors of 1255374349?
101, 12429449
What are the prime factors of 19263802?
2, 83, 116047
What are the prime factors of 2651959236?
2, 3, 220996603
List the prime factors of 56182343.
7, 47, 170767
List the prime factors of 198843239.
7, 71, 400087
List the prime factors of 1179814350.
2, 3, 5, 11, 13, 4231
What are the prime factors of 1075709189?
227, 4738807
What are the prime factors of 108744403?
29, 3749807
What are the prime factors of 460974356?
2, 3061, 37649
What are the prime factors of 541484604?
2, 3, 15041239
What are the prime factors of 1798185228?
2, 3, 7, 21406967
List the prime factors of 36412814.
2, 18206407
List the prime factors of 2277463379.
71, 32076949
What are the prime factors of 1274595911?
557, 2288323
List the prime factors of 292711115.
5, 2153, 27191
What are the prime factors of 87174302?
2, 113, 499, 773
List the prime factors of 2053262219.
79, 25990661
List the prime factors of 136635733.
13, 29, 362429
List the prime factors of 601670425.
5, 401, 60017
What are the prime factors of 1130776847?
22769, 49663
What are the prime factors of 6703013253?
3, 241, 9271111
List the prime factors of 9146613.
3, 7, 435553
List the prime factors of 1004752328.
2, 29, 89, 48661
List the prime factors of 258641587.
17, 31, 271, 1811
What are the prime factors of 1088991081?
3, 47, 858149
What are the prime factors of 5812274914?
2, 19, 152954603
List the prime factors of 141356043.
3, 79, 66271
List the prime factors of 86511292.
2, 7, 29, 106541
List the prime factors of 829266552.
2, 3, 19, 202063
List the prime factors of 136279624.
2, 13, 1310381
List the prime factors of 58507981.
7, 8358283
What are the prime factors of 2674610170?
2, 5, 17, 15733001
What are the prime factors of 431251040?
2, 5, 11, 245029
What are the prime factors of 113634560?
2, 5, 13, 6829
List the prime factors of 407042889.
3, 11, 47, 67, 3917
What are the prime factors of 42904987?
42904987
What are the prime factors of 6225478536?
2, 3, 233, 419, 2657
What are the prime factors of 153838833?
3, 31, 79, 20939
List the prime factors of 50976988.
2, 12744247
What are the prime factors of 51822881?
11, 4711171
What are the prime factors of 26854492?
2, 7, 17, 56417
List the prime factors of 288064324.
2, 71, 769, 1319
List the prime factors of 7665650021.
1297, 5910293
List the prime factors of 164739207.
3, 37, 1484137
List the prime factors of 23206649.
17, 1365097
List the prime factors of 895579188.
2, 3, 7, 151, 70607
What are the prime factors of 311440941?
3, 7, 47, 107, 983
List the prime factors of 1817184781.
79, 23002339
List the prime factors of 3943806469.
33967, 116107
What are the prime factors of 139612587?
3, 359, 129631
List the prime factors of 121686895.
5, 11, 37, 59797
What are the prime factors of 3408264674?
2, 67, 25434811
List the prime factors of 2982306811.
11, 271118801
What are the prime factors of 78721370?
2, 5, 7, 13, 19, 29, 157
What are the prime factors of 55160083?
11, 5014553
What are the prime factors of 793744329?
3, 7, 23, 1643363
What are the prime factors of 26573690?
2, 5, 11, 13, 18583
What are the prime factors of 316895595?
3, 5, 43, 67, 7333
List the prime factors of 46626111.
3, 7, 9137
List the prime factors of 2360287304.
2, 223, 373, 3547
What are the prime factors of 402695803?
199, 2023597
What are the prime factors of 750427747?
37, 3307, 6133
What are the prime factors of 2425733360?
2, 5, 30321667
List the prime factors of 5230887134.
2, 11, 43, 503, 10993
List the prime factors of 349900156.
2, 87475039
What are the prime factors of 1385798?
2, 37, 61, 307
List the prime factors of 3338496.
2, 3, 7, 23
List the prime factors of 1075898751.
3, 358632917
List the prime factors of 517207219.
517207219
What are the prime factors of 289052278?
2, 43, 3361073
List the prime factors of 8371160298.
2, 3, 17, 563, 5399
List the prime factors of 2894048917.
2894048917
What are the prime factors of 179892151?
179892151
List the prime factors of 41987384.
2, 5248423
What are the prime factors of 425093011?
7, 60727573
What are the prime factors of 1107464509?
4517, 245177
What are the prime factors of 140928888?
2, 3, 43, 136559
List the prime factors of 257180475.
3, 5, 47, 72959
List the prime factors of 944815311.
3, 11, 83, 10453
What are the prime factors of 60463386?
2, 3, 379, 8863
List the prime factors of 881355397.
13, 67796569
What are the prime factors of 1191876313?
31, 38447623
What are the prime factors of 17954852?
2, 4488713
What are the prime factors of 1344623?
7, 47, 61, 67
List the prime factors of 1649388605.
5, 329877721
List the prime factors of 4611104237.
41, 191, 588827
What are the prime factors of 44117742?
2, 3, 43, 307, 557
List the prime factors of 209873040.
2, 3, 5, 13, 137, 491
List the prime factors of 479889854.
2, 29, 8273963
What are the prime factors of 5528179279?
7, 1889, 418073
What are the prime factors of 1678656993?
3, 13, 17, 449, 5639
List the prime factors of 5292052622.
2, 2646026311
What are the prime factors of 2862199492?
2, 17, 53, 794173
List the prime factors of 661395340.
2, 5, 33069767
What are the prime factors of 428720357?
13, 193, 170873
List the prime factors of 89122673.
19, 4690667
List the prime factors of 139270480.
2, 5, 1740881
List the prime factors of 613946170.
2, 5, 53, 1158389
What are the prime factors of 79622655?
3, 5, 7, 269, 2819
What are the prime factors of 42257199?
3, 151, 93283
List the prime factors of 145496560.
2, 5, 11, 101, 1637
List the prime factors of 4568772.
2, 3, 13, 29287
List the prime factors of 2500382812.
2, 257, 2432279
What are the prime factors of 3512812?
2, 17, 51659
What are the prime factors of 672584623?
41, 16404503
List the prime factors of 126777316.
2, 71, 446399
What are the prime factors of 28681565?
5, 11, 521483
What are the prime factors of 685865219?
13, 47, 1122529
List the prime factors of 984329490.
2, 3, 5, 389, 84347
What are the prime factors of 1646886849?
3, 17, 32291899
List the prime factors of 567546274.
2, 103, 293, 9403
What are the prime factors of 1004227369?
149, 347, 19423
What are the prime factors of 3060021228?
2, 3, 11, 23181979
What are the prime factors of 2585158236?
2, 3, 521, 137831
List the prime factors of 14204349.
3, 526087
List the prime factors of 411676373.
29, 31, 61, 7507
What are the prime factors of 72372593?
709, 102077
List the prime factors of 42866777.
42866777
List the prime factors of 106386214.
2, 11, 43, 112459
List